10738
In base 15, what is 559c0 - e68?
54a57
In base 8, what is 0 - -3777706?
3777706
In base 9, what is -2 - 181748346?
-181748348
In base 2, what is -11001100 - -101000011100101011?
101000011001011111
In base 8, what is -42616522 + -14?
-42616536
In base 2, what is -100111001011 + 1011111101?
-11011001110
In base 9, what is 57 - -135626?
135684
In base 11, what is 7a865505 - -3?
7a865508
In base 14, what is a7cd687 + -12?
a7cd675
In base 10, what is 4 + -3135560?
-3135556
In base 7, what is -2510 + -153101?
-155611
In base 12, what is 5119367 - 8?
511935b
In base 8, what is -354603 - -135?
-354446
In base 16, what is -4 + -332450?
-332454
In base 13, what is -11 - -108608?
1085c7
In base 7, what is -11144 + 1564?
-6250
In base 15, what is 3 - b7a26?
-b7a23
In base 15, what is 2b68e44 - 1?
2b68e43
In base 11, what is 487 - -89260?
89737
In base 13, what is 1c3a202 + 3?
1c3a205
In base 5, what is -21331404 - 1?
-21331410
In base 10, what is -384349 + -1?
-384350
In base 2, what is 10001010111000100100010101001 + 101?
10001010111000100100010101110
In base 16, what is -15488 + 9a?
-153ee
In base 8, what is 20671076267 - -1?
20671076270
In base 8, what is 1410504727 + 1?
1410504730
In base 5, what is 1303231411 + -13?
1303231343
In base 10, what is -9 + 2005989?
2005980
In base 16, what is -72a8 + -1c1?
-7469
In base 8, what is 33523033 - -10?
33523043
In base 6, what is 50522 - 545?
45533
In base 3, what is 2 - -2021201211212101?
2021201211212110
In base 8, what is -22340 - 7465?
-32025
In base 13, what is 29 - -6363b?
63667
In base 8, what is -5 - 1541617?
-1541624
In base 5, what is 40 + -1033220201?
-1033220111
In base 4, what is -1310 + 1211311033?
1211303123
In base 3, what is 21011202100 + 111?
21011202211
In base 6, what is -10221043440 - 0?
-10221043440
In base 2, what is 1100001011 + -10001001011010000?
-10000111111000101
In base 13, what is -aa9 + -1501?
-22aa
In base 5, what is 34 + 112004400?
112004434
In base 16, what is -6 - -6c9fc78?
6c9fc72
In base 9, what is 27022 - 584?
26327
In base 12, what is -1531 - -1b7a?
649
In base 6, what is 1021200 + 11210?
1032410
In base 16, what is 17c2 + 2ee58?
3061a
In base 13, what is -1 - -61abca?
61abc9
In base 11, what is -8 + 743420?
743413
In base 9, what is -171732604 - 3?
-171732607
In base 12, what is -10 - b80213?
-b80223
In base 10, what is -8082 - 263?
-8345
In base 13, what is 22786 - 900?
21b86
In base 4, what is 11021101 - -23023?
11110130
In base 8, what is -5312 + 6157?
645
In base 12, what is 4a1b1 + 29?
4a21a
In base 16, what is c7 - -4ed5d?
4ee24
In base 9, what is 74303 + 248?
74552
In base 3, what is -112122210 - -1010?
-112121200
In base 11, what is -261584 - -5?
-26157a
In base 2, what is -1101101001011111 + -1110100111?
-1101111000000110
In base 16, what is 51e159 + 7?
51e160
In base 15, what is -dc6 - 688?
-155e
In base 6, what is 4 - -2003153203?
2003153211
In base 14, what is -c949d + 1?
-c949c
In base 10, what is 4 + -9031039?
-9031035
In base 14, what is 22 + 941b1d?
941b41
In base 6, what is 123152 - 11224?
111524
In base 13, what is -13 - -57b78?
57b65
In base 4, what is 223 + 12330322030?
12330322313
In base 7, what is 22144051 - 51?
22144000
In base 2, what is 110 - 1110001111001101010?
-1110001111001100100
In base 7, what is 5 + -2615362?
-2615354
In base 12, what is -377 + 171a2?
16a27
In base 11, what is -10282 - 8290?
-18562
In base 12, what is -46713bb + -5?
-4671404
In base 14, what is 17ac + -6548?
-4b7a
In base 7, what is 44531564 + -4?
44531560
In base 9, what is -144873 - -1223?
-143650
In base 8, what is 0 + -152213647?
-152213647
In base 11, what is -a0 - -a2145?
a2055
In base 7, what is 625650 - 416?
625231
In base 7, what is -5344 - -1100304?
1061630
In base 7, what is -203045 + 1535?
-201210
In base 12, what is -2 + -b169844?
-b169846
In base 12, what is 5650731 - 1?
5650730
In base 16, what is a9 + 51e50?
51ef9
In base 2, what is 1011000101100 + 10010011000?
1101011000100
In base 13, what is 12 + -24867b?
-248669
In base 13, what is -3c69a - -31?
-3c669
In base 2, what is 100000001001100100111 - -1101011?
100000001001110010010
In base 11, what is 173322 - -14?
173336
In base 14, what is -d + 6a35452?
6a35443
In base 11, what is -1 - 4354483?
-4354484
In base 2, what is -1011000100 - -110110011011110?
110101000011010
In base 15, what is -1776 + 485?
-12e1
In base 10, what is 8244257 + 5?
8244262
In base 9, what is 40632 - -80863?
131605
In base 13, what is -698 + 1025?
65a
In base 5, what is 10 + -134010314124?
-134010314114
In base 8, what is -161 - 522742?
-523123
In base 16, what is 16 + -11a58c?
-11a576
In base 6, what is 125513512 - 351?
125513121
In base 13, what is 0 + -9b226?
-9b226
In base 7, what is 4 + 10441216?
10441223
In base 4, what is 103 - -103330333?
103331102
In base 14, what is 8 + 1b6953?
1b695b
In base 5, what is -10 + 3014104022?
3014104012
In base 5, what is -1322122 + 42340?
-1224232
In base 10, what is -2075 + -28313?
-30388
In base 2, what is -1100110111101 - 10011001110?
-1111010001011
In base 8, what is 256705 - 504?
256201
In base 16, what is 3 + -e9c83d7?
-e9c83d4
In base 7, what is -435340 + -1464?
-440134
In base 10, what is -253 + 73970?
73717
In base 10, what is -1 + -1371955?
-1371956
In base 15, what is -17e - -1ae7e?
1ad00
In base 13, what is 60 - 37205?
-37175
In base 2, what is -110010011 + -1111111001111?
-10000101100010
In base 16, what is 10f4 - -768a?
877e
In base 2, what is 11001001001111111001111 + -10?
11001001001111111001101
In base 15, what is -ccea0a + 0?
-ccea0a
In base 3, what is 100212 - -100221211?
101022200
In base 12, what is -12166935 + -3?
-12166938
In base 13, what is -328985 + 0?
-328985
In base 8, what is -165704 + -557?
-166463
In base 9, what is 2085 - 636?
1348
In base 4, what is -12112000101233 - -11?
-12112000101222
In base 2, what is 1110111000110000001011000 - -11?
1110111000110000001011011
In base 16, what is 3 - 285598?
-285595
In base 12, what is 0 + 83b9547?
83b9547
In base 14, what is -3 - -747b642?
747b63d
In base 7, what is 2 - -24116521?
24116523
In base 12, what is 86b2 + 9206?
158b8
In base 12, what is -118 + 49529?
49411
In base 11, what is -2969 - 1223aa?
-125268
In base 11, what is -722 - 6a48a0?
-6a5512
In base 5, what is -1131234134 - 10110?
-1131244244
In base 12, what is 1 + -3980644?
-3980643
In base 11, what is -16061 - 18a1?
-17952
In base 7, what is -12 + 103265114?
103265102
In base 11, what is -46 + -339063?
-3390a9
In base 9, what is 308 - 34105?
-33686
In base 15, what is -116 - 6b962?
-6ba78
In base 4, what is 300 + -12112002120?
-12112001220
In base 6, what is -231 + -2423245?
-2423520
In base 6, what is -211514133 + 1?
-211514132
In base 10, what is 3668319 + 5?
3668324
In base 10, what is -305845 + 1115?
-304730
In base 11, what is 5aa + a388?
a987
In base 6, what is -32101324 - -1325?
-32055555
In base 15, what is 6c + 1ee974?
1ee9e1
In base 11, what is -25272286 + 4?
-25272282
In base 15, what is -124 + 11a1?
107c
In base 9, what is 535 + 245000?
245535
In base 2, what is -1101111101011 - -10001101100?
-1011101111111
In base 3, what is 20211100122 + 2022?
20211102221
In base 13, what is -14 + 1349529?
1349515
In base 8, what is -2 + 335715030?
335715026
In base 3, what is -1201200020202021 + 100?
-1201200020201221
In base 16, what is -48774 - 23?
-48797
In base 2, what is -10000000110101 - -110100010?
-1111010010011
In base 8, what is 6140274 - -437?
6140733
In base 12, what is -187618a - 23?
-18761b1
In base 8, what is 4616636 + 165?
4617023
In base 14, what is -9d - -1d7a8?
1d709
In base 9, what is 5127 + 3033?
8161
In base 16, what is 5 + -5698fa?
-5698f5
In base 3, what is -2110200222 + 1121200?
-2102002022
In base 14, what is -d96a3 + 11?
-d9692
In base 7, what is -2416 - -323512?
321063
In base 9, what is 127607 - 130?
127467
In base 16, what is 19b2acd + -5?
19b2ac8
In base 7, what is 0 + -554554503?
-554554503
In base 6, what is -531 - -122252?
121321
In base 2, what is 111101010010110000110100 + -1011?
111101010010110000101001
In base 10, what is 20 - 1188613?
-1188593
In base 5, what is -121031112 - 101?
-121031213
In base 2, what is 1110101100111 - -11001011100?
10001111000011
In base 5, what is 111 - 4041231401?
-4041231240
In base 7, 